{"id":730,"date":"2018-10-25T23:03:29","date_gmt":"2018-10-25T23:03:29","guid":{"rendered":"http:\/\/www.josefinamorande.cl\/?page_id=730"},"modified":"2024-12-10T21:56:01","modified_gmt":"2024-12-10T21:56:01","slug":"biography","status":"publish","type":"page","link":"https:\/\/www.josefinamorande.cl\/en\/biography\/","title":{"rendered":"BIOGRAPHY"},"content":{"rendered":"<section class=\"l-section wpb_row height_medium\"><div class=\"l-section-h i-cf\"><div class=\"g-cols vc_row via_flex valign_top type_default stacking_default\"><div class=\"vc_col-sm-6 wpb_column vc_column_container\"><div class=\"vc_column-inner\"><div class=\"wpb_wrapper\"><div class=\"wpb_text_column\"><div class=\"wpb_wrapper\"><h1><span style=\"color: #999999;\">BIOGRAPHY<\/span><\/h1>\n<\/div><\/div><div class=\"w-separator size_small\"><\/div><div class=\"wpb_text_column\"><div class=\"wpb_wrapper\"><p>Josefina Morand\u00e9\u00a0is a Graphic Designer by training, from the Pontificia Universidad Cat\u00f3lica de Valpara\u00edso. She studied under masters such as architect Alberto Cruz, Jos\u00e9 Balcells, Claudio Girola, and poet Godofredo Iommi, who introduced her to the world of observation and artistic creation as a fundamental part of her life. Since 2001, she has ventured into the Audiovisual world. She studied Film and Editing at &#8220;FX ANIMATION Barcelona 3D&amp;Film School&#8221; in Barcelona, working on projects for the &#8220;Fundaci\u00f3 Foto Colectania&#8221; in the same city. She also studied Video Art at the Pontificia Universidad Cat\u00f3lica de Chile and holds a degree in Film from the Universidad Academia de Humanismo Cristiano.<br \/>\nShe made and directed her first feature documentary: <em>&#8220;Hoy y no Ma\u00f1ana&#8221;,<\/em> &#8220;<a href=\"http:\/\/www.josefinamorande.cl\/en\/documentary\/\" target=\"_blank\" rel=\"noopener\">Today and not Tomorrow<\/a>&#8220;<em>,<\/em> which premiered at Miradoc 2018. \u00a0The film won the award from the National Institute of Human Rights (INDH) &#8220;For its notable contribution to the promotion and defense of human rights through documentary cinema&#8221; at the 22nd edition of FIDOCS, the International Documentary Film Festival of Santiago. In 2023, she premiered her second documentary: &#8220;<em>El Don Absoluto, la historia de Sebasti\u00e1n Acevedo&#8221;<\/em> (The Absolute Gift, the story of Sebasti\u00e1n Acevedo), which won Best Feature Film and the Audience Award at the 16th FECICH, the Chilean Film Festival. She currently works as an independent Audiovisual Creator and Graphic Designer.<\/p>\n<\/div><\/div><\/div><\/div><\/div><div class=\"vc_col-sm-6 wpb_column vc_column_container\"><div class=\"vc_column-inner\"><div class=\"wpb_wrapper\"><div class=\"w-separator size_custom\" style=\"height:32px\"><\/div><div class=\"w-separator size_custom\" style=\"height:32px\"><\/div><div class=\"w-image align_none\"><div class=\"w-image-h\"><img decoding=\"async\" width=\"816\" height=\"705\" src=\"https:\/\/www.josefinamorande.cl\/wp-content\/uploads\/2024\/12\/MAMBI.jpg\" class=\"attachment-large size-large\" alt=\"\" loading=\"lazy\" srcset=\"https:\/\/www.josefinamorande.cl\/wp-content\/uploads\/2024\/12\/MAMBI.jpg 816w, https:\/\/www.josefinamorande.cl\/wp-content\/uploads\/2024\/12\/MAMBI-300x259.jpg 300w, https:\/\/www.josefinamorande.cl\/wp-content\/uploads\/2024\/12\/MAMBI-768x664.jpg 768w\" sizes=\"auto, (max-width: 816px) 100vw, 816px\" \/><\/div><\/div><\/div><\/div><\/div><\/div><\/div><\/section>\n","protected":false},"excerpt":{"rendered":"BIOGRAPHY Josefina Morand\u00e9\u00a0is a Graphic Designer by training, from the Pontificia Universidad Cat\u00f3lica de Valpara\u00edso. She studied under masters such as architect Alberto Cruz, Jos\u00e9 Balcells, Claudio Girola, and poet Godofredo Iommi, who introduced her to the world of observation and artistic creation as a fundamental part of her life. Since 2001, she has ventured...","protected":false},"author":1,"featured_media":0,"parent":0,"menu_order":0,"comment_status":"closed","ping_status":"closed","template":"","meta":{"footnotes":""},"class_list":["post-730","page","type-page","status-publish","hentry"],"_links":{"self":[{"href":"https:\/\/www.josefinamorande.cl\/en\/wp-json\/wp\/v2\/pages\/730","targetHints":{"allow":["GET"]}}],"collection":[{"href":"https:\/\/www.josefinamorande.cl\/en\/wp-json\/wp\/v2\/pages"}],"about":[{"href":"https:\/\/www.josefinamorande.cl\/en\/wp-json\/wp\/v2\/types\/page"}],"author":[{"embeddable":true,"href":"https:\/\/www.josefinamorande.cl\/en\/wp-json\/wp\/v2\/users\/1"}],"replies":[{"embeddable":true,"href":"https:\/\/www.josefinamorande.cl\/en\/wp-json\/wp\/v2\/comments?post=730"}],"version-history":[{"count":26,"href":"https:\/\/www.josefinamorande.cl\/en\/wp-json\/wp\/v2\/pages\/730\/revisions"}],"predecessor-version":[{"id":1290,"href":"https:\/\/www.josefinamorande.cl\/en\/wp-json\/wp\/v2\/pages\/730\/revisions\/1290"}],"wp:attachment":[{"href":"https:\/\/www.josefinamorande.cl\/en\/wp-json\/wp\/v2\/media?parent=730"}],"curies":[{"name":"wp","href":"https:\/\/api.w.org\/{rel}","templated":true}]}}

<section class="l-section wpb_row height_medium"><div class="l-section-h i-cf"><div class="g-cols vc_row via_flex valign_top type_default stacking_default"><div class="vc_col-sm-6 wpb_column vc_column_container"><div class="vc_column-inner"><div class="wpb_wrapper"><div class="wpb_text_column"><div class="wpb_wrapper"><h1><span style="color: #999999;">BIOGRAPHY</span></h1>
</div></div><div class="w-separator size_small"></div><div class="wpb_text_column"><div class="wpb_wrapper"><p>Josefina Morandé is a Graphic Designer by training, from the Pontificia Universidad Católica de Valparaíso. She studied under masters such as architect Alberto Cruz, José Balcells, Claudio Girola, and poet Godofredo Iommi, who introduced her to the world of observation and artistic creation as a fundamental part of her life. Since 2001, she has ventured into the Audiovisual world. She studied Film and Editing at &#8220;FX ANIMATION Barcelona 3D&amp;Film School&#8221; in Barcelona, working on projects for the &#8220;Fundació Foto Colectania&#8221; in the same city. She also studied Video Art at the Pontificia Universidad Católica de Chile and holds a degree in Film from the Universidad Academia de Humanismo Cristiano.<br />
She made and directed her first feature documentary: <em>&#8220;Hoy y no Mañana&#8221;,</em> &#8220;<a href="http://www.josefinamorande.cl/en/documentary/" target="_blank" rel="noopener">Today and not Tomorrow</a>&#8220;<em>,</em> which premiered at Miradoc 2018.  The film won the award from the National Institute of Human Rights (INDH) &#8220;For its notable contribution to the promotion and defense of human rights through documentary cinema&#8221; at the 22nd edition of FIDOCS, the International Documentary Film Festival of Santiago. In 2023, she premiered her second documentary: &#8220;<em>El Don Absoluto, la historia de Sebastián Acevedo&#8221;</em> (The Absolute Gift, the story of Sebastián Acevedo), which won Best Feature Film and the Audience Award at the 16th FECICH, the Chilean Film Festival. She currently works as an independent Audiovisual Creator and Graphic Designer.</p>
</div></div></div></div></div><div class="vc_col-sm-6 wpb_column vc_column_container"><div class="vc_column-inner"><div class="wpb_wrapper"><div class="w-separator size_custom" style="height:32px"></div><div class="w-separator size_custom" style="height:32px"></div><div class="w-image align_none"><div class="w-image-h"><img decoding="async" width="816" height="705" src="https://www.josefinamorande.cl/wp-content/uploads/2024/12/MAMBI.jpg" class="attachment-large size-large" alt="" loading="lazy" srcset="https://www.josefinamorande.cl/wp-content/uploads/2024/12/MAMBI.jpg 816w, https://www.josefinamorande.cl/wp-content/uploads/2024/12/MAMBI-300x259.jpg 300w, https://www.josefinamorande.cl/wp-content/uploads/2024/12/MAMBI-768x664.jpg 768w" sizes="auto, (max-width: 816px) 100vw, 816px" /></div></div></div></div></div></div></div></section>

BIOGRAPHY Josefina Morandé is a Graphic Designer by training, from the Pontificia Universidad Católica de Valparaíso. She studied under masters such as architect Alberto Cruz, José Balcells, Claudio Girola, and poet Godofredo Iommi, who introduced her to the world of observation and artistic creation as a fundamental part of her life. Since 2001, she has ventured...
